*y + 17 = 4*b - 28, -h*b + 50 = 5*y. What is the units digit of y?
3
Let i be 5/((-25)/(-30)) - 1. Suppose -3*q = r - 179 - 12, i*q + 2*r = 318. Let o = 125 - q. What is the tens digit of o?
6
Let q be (-1)/(-1)*(-6)/(-2). Suppose -24*z - 16 = -32*z. What is the units digit of z*q + 8 + -4?
0
Let p be (1 - -8)/(1/3). Let y = 380 + -382. Let r = p + y. What is the units digit of r?
5
Let a be -6*(-4)/(-32)*-4. Suppose 3*x - a*k = 0, 0*x - 2*k + 1 = -x. What is the units digit of x?
1
Suppose 14*r = 13*r + 195. What is the tens digit of r?
9
Let j(t) = t**3 + 2*t**2 - 8*t + 2. What is the tens digit of j(4)?
6
Let w = 1168 + 550. What is the hundreds digit of w?
7
Suppose 15*h - 4 = 14*h. What is the tens digit of 2 - (h/8 + 243/(-2))?
2
Let s(c) = -123*c - 391. What is the hundreds digit of s(-29)?
1
Suppose -z = 3*r - 20, -z + 5*z - 8 = 0. Let v(u) = -2*u**3 + 13*u**2 + u + 6. What is the tens digit of v(r)?
4
Let d = 65 - 58. Suppose 493 = d*n + 94. What is the units digit of n?
7
Let v(n) = -n**2 - 15*n + 18. Let g be v(-16). Suppose 0 = 6*a - 2*a + 3*h - 600, -g*a + 286 = -2*h. What is the tens digit of a?
4
Let l(h) = 8*h + 1. Let i(p) = 4*p + 6. Let y(u) = 3*u + 7. Let g(k) = -6*i(k) + 5*y(k). Let s(m) = 3*g(m) + 4*l(m). What is the units digit of s(1)?
6
Suppose 18*w + 77 + 193 = 0. What is the tens digit of 6/w*(-1 + -724)?
9
What is the tens digit of (-3)/(((-276)/(-5440))/(-23))?
6
Let v(u) = -u + 13. Let r be v(10). Suppose 471 = 4*k + 5*x + 50, -r*x - 183 = -2*k. What is the tens digit of k?
9
Suppose -10*q + 9*q + 130 = 0. Let g = 282 - q. Suppose -5*y + g = -103. What is the units digit of y?
1
Let n(z) = -z**2 + 13*z - 8. Let u be n(10). Let o = -12 + u. Let v = 62 - o. What is the tens digit of v?
5
Suppose -6 = -3*u - 2*y, u - 4*y = -3*u + 28. Suppose 3*q = 2*q + u. Suppose q*a - 22 - 7 = -3*k, 4*k - 4*a = 76. What is the tens digit of k?
1
Let p be -1 + 2 + (506 - 12/(-4)). Suppose -4*y = 4*s - 7*s - p, 0 = 4*y - 4*s - 512. What is the tens digit of y?
2
Let s = 5 - 4. Let d = s + 11. Suppose z - d = 7. What is the tens digit of z?
1
Suppose -1209 = -5*v + d, -4*v = -2*v - 2*d - 490. Let b = v + -152. What is the tens digit of b?
8
Let k be (5 + -6)/((-1)/9). Suppose 31 = 2*w + v + k, -2*v - 1 = -w. What is the units digit of w?
9
Suppose 7*k - 10 = 2*k. Suppose 4*i - 154 = -2*b, k*i + 3*i + 5*b = 180. What is the units digit of i?
1
What is the units digit of -4 - -1 - ((-40)/4 - -5)?
2
Suppose 5*r - 27 - 73 = 0. Let q = 20 - r. Suppose -2*u + i = -42 - 33, -2*u + 3*i + 69 = q. What is the tens digit of u?
3
Suppose 0 = -13*v + 12*v + 76. Let i = v - -24. What is the units digit of i?
0
Let y(l) = -l**3 - 19*l**2 + 2*l + 41. Let s be y(-19). What is the units digit of s + (-3)/((-12)/(-2))*-86?
6
Let w(y) be the third derivative of -y**5/60 - y**4/24 + 23*y**3/6 - 7*y**2. Suppose 0*p = 3*p. What is the tens digit of w(p)?
2
Suppose 18*w - 13*w = 3*m - 11510, 0 = 5*m + w - 19174. What is the tens digit of m?
3
Suppose v + 5 = -3. Let p be (-28)/10*20/v. Suppose 2*h = p + 9. What is the units digit of h?
8
Suppose -7*j + 20 = -2*j. Suppose -j*u + 110 = u. What is the tens digit of u?
2
Suppose 6 = 4*a - a. What is the tens digit of ((-5)/4)/(a/(-112))?
7
Suppose 8*q + 46 = -2. Let h(m) = -30*m - 4. What is the hundreds digit of h(q)?
1
Let o(u) = -2*u - 2. Let q be o(-7). Let i = q - 9. Suppose 0 = b + 3*g - 28, -71 = -3*b + g + i*g. What is the units digit of b?
5
What is the thousands digit of 1139 - (-9)/((-72)/40)?
1
Suppose -3*d - 4*l = -3*l - 95, 4*d - 115 = l. Suppose s - 6*s - d = 0. What is the units digit of 32 - s - 2/(-1)?
0
Suppose 3*r - 4*z + 1732 = 7*r, -4*z + 2165 = 5*r. What is the hundreds digit of r?
4
Let a be (2 + -2)/(3*-1). Let j = 4 + a. Suppose 0 = -2*q - v + 57 + 16, j*v = -3*q + 122. What is the tens digit of q?
3
Let a(b) = b + 3. Let o be a(5). Suppose 0 = z - 0*z - 16. What is the tens digit of 1*-3 + z + o?
2
Let c(m) = -m**2 - 11*m - 1. Let d = -11 + 11. Suppose d = -2*r - 4*l + l - 8, 0 = -5*r + 5*l - 20. What is the tens digit of c(r)?
2
Suppose 16 = -4*r, -3*y = -0*y + 4*r - 29. Suppose 4*d = 7*d - y. Suppose -4*q + d*o + 44 = 0, 0*q - 44 = -4*q - 4*o. What is the units digit of q?
1
What is the units digit of (30/9)/((-9)/(-999))?
0
Let l = 503 - -95. What is the hundreds digit of l?
5
Let c(k) = k + 11. Let l be c(-9). Suppose 4*r + l*r = 0. Suppose 4*g - 185 + 9 = r. What is the tens digit of g?
4
Suppose 5*s + 2812 = 7*s. What is the units digit of s?
6
Let y be 14/(-84) - (-31)/6. Suppose 85 = 3*w + 2*w - y*k, 5*k + 1 = -2*w. What is the units digit of w?
2
Let i be 1084*4/16 + 6/(-2). Let a = i + -186. What is the units digit of a?
2
Let k(b) = -3*b + 21. Let x be k(6). Suppose 64 + 122 = x*t. What is the units digit of t?
2
What is the hundreds digit of 13 - 4 - 5 - 4*-44?
1
Suppose 0 = -0*q + 5*q, 3*q - 2584 = -4*g. What is the units digit of g?
6
Suppose 5*h + 14 = i - 8, -2*i - 2*h = 4. Suppose i*k - 8 = 0, 3*w - 125 = 4*k - 0*k. What is the units digit of w?
7
Suppose -b + 5*b = -5*b. Suppose -2*t = 0, b*z - 3*t + 61 = z. What is the tens digit of z?
6
Let r = -853 - -1509. Suppose -3*x + 4*m = -r, 5*m + 4 = 24. What is the hundreds digit of x?
2
Suppose 0 = 4*c, 3*x - 7*c + 5*c - 10440 = 0. What is the hundreds digit of x?
4
Let l = 18 - 16. Suppose 2 = -3*g + l*g. What is the units digit of (g - -2 - 1)*-47?
7
Let p(h) = -1 + 10*h + 5 + h**2 - 15*h + 106*h**3. What is the tens digit of p(1)?
0
Let u = 1324 - 860. What is the units digit of u?
4
Let k = -248 - -124. What is the tens digit of (-3 + 1 + 0)/(8/k)?
3
Let m(w) = 8*w**3 + 61*w**2 - 34*w + 6. Let r(f) = -3*f**3 - 20*f**2 + 11*f - 2. Let k(q) = 4*m(q) + 11*r(q). What is the hundreds digit of k(23)?
1
Suppose 13*j + 10 = 14*j. Suppose -1080 = -j*w + 770. What is the tens digit of w?
8
Let d(s) = -23*s + 131. What is the hundreds digit of d(-7)?
2
Suppose 14*l + 912 = 18*l. Suppose p = -p + l. What is the hundreds digit of p?
1
Let o(t) = -2*t + 20. What is the tens digit of o(-2)?
2
Let m be (-6)/(-45)*5*9/2. Suppose -2*r + 424 = -5*u, -5*u + 0*u = -m*r + 626. What is the hundreds digit of r?
2
Let i be (-25 - -1)/((-6)/32). What is the units digit of (i/(-10))/((-26)/65)?
2
Suppose 5*p + 11397 - 32037 = 0. What is the thousands digit of p?
4
Suppose 2607 = -0*o + 3*o - 3*k, -4*o - 5*k = -3512. What is the tens digit of o?
7
Suppose 0 = 5*k + 10, -5*z + 6087 = 50*k - 51*k. What is the hundreds digit of z?
2
Let v be 0 - -44 - -1*1. Let c = -207 - -207. Suppose -v = -3*l - c*l. What is the tens digit of l?
1
Suppose -w = 5*w + 60. Let d be (8/(-10))/(2/(-60)). Let s = d + w. What is the tens digit of s?
1
Let q(x) = -x - 8. Let m be q(0). Let u = 12 + m. Let b = 15 + u. What is the tens digit of b?
1
Let t be (-2 - 4)/((-1)/14). Let i = 49 + t. What is the units digit of i?
3
Suppose 9*p = 5*p + 20. Suppose p*l - 390 = 3*l. What is the tens digit of (12/(-15))/((-3)/l)?
5
Suppose 7*o = -2*o + 378. Suppose 18 = w - o. What is the tens digit of w?
6
Let m = 260 + 401. What is the tens digit of m?
6
What is the hundreds digit of 13/(117/(-72)) - -407?
3
Suppose -d = -6*d + 4*a + 7, -2 = -4*d + 5*a. Suppose -390 = -0*o - d*o. Suppose -w = w - o. What is the units digit of w?
5
Suppose 0 = -4*t + 2*a + 3510, -5*t - 1149 = 5*a - 5514. What is the units digit of t?
6
Let y be (-2515)/25 - (-2)/(-5). Let j = y - -170. Suppose -3*d + 0 + j = 0. What is the units digit of d?
3
Suppose 0 = -25*s + 20*s + 25. Suppose -h + 5*z + 268 = 0, -3*h + 5*z - 551 = -s*h. What is the hundreds digit of h?
2
Suppose 19*q = 5*q - 2044. Let j = q - -159. What is the units digit of j?
3
Let o = 1189 - 717. What is the hundreds digit of o?
4
What is the units digit of (-7)/((-526)/105 + 3 + 2)?
5
Suppose -4*j - w = -2*j - 1839, 5*w = -5. What is the hundreds digit of j?
9
Let t(f) = -f**3 - 17*f**2 - 16*f - 2. Let v be t(-16). Let m be (2 + -186)/v + -2. Let u = m - 61. What is the units digit of u?
9
Let s = -8 + 5. Let g(u) = -u + 3. Let d be g(s). Suppose a - d*a = -60. What is the tens digit of a?
1
Suppose -4*o + 4509 = -w + 4, -3*w - 4499 = -4*o. What is the tens digit of o?
2
Suppose -25*i - 15741 = -52*i. What is the tens digit of i?
8
What